 base 7.
-1166113
Convert 24ba5 (base 14) to base 13.
32026
What is -39550 (base 11) in base 4?
-31303302
Convert -559a98 (base 11) to base 15.
-129356
What is 545a (base 14) in base 7?
60343
What is -702575 (base 9) in base 8?
-1453052
What is -4c6a3c (base 13) in base 10?
-1842827
-46804 (base 16) to base 14
-77348
Convert 21167 (base 8) to base 4.
2021313
Convert 269152 (base 14) to base 16.
144fa4
Convert 72660 (base 11) to base 12.
51385
What is -10010101010111100110 (base 2) in base 4?
-2111113212
What is 2130110212 (base 4) in base 13?
195595
Convert -64272 (base 11) to base 6.
-2000455
What is 2536b1 (base 13) in base 11?
560036
2066576 (base 8) to base 5
120133233
1324780 (base 9) to base 15
e4d60
Convert -3606305 (base 8) to base 6.
-33050125
What is -2413414 (base 8) in base 4?
-2201130030
-d997 (base 14) to base 15
-b1e9
1221122202022 (base 3) to base 13
2a39b6
What is -44aa7 (base 14) in base 2?
-101000101101011011
What is 906bd7 (base 16) in base 15?
c6e5b1
What is -2213131121 (base 5) in base 16?
-4982fd
What is 117c2 (base 13) in base 4?
13311203
What is 166311 (base 14) in base 16?
bfbeb
What is 4010243 (base 5) in base 15?
13ad3
Convert 587aa31 (base 11) to base 13.
2184641
-34101424 (base 5) to base 9
-506758
524392 (base 10) to base 7
4312561
-34b37 (base 14) to base 7
-1043300
42580 (base 12) to base 7
512163
Convert 10303122231 (base 4) to base 11.
790050
Convert -2410322 (base 6) to base 14.
-33c02
What is -65901 (base 16) in base 3?
-210010122110
Convert -45b31 (base 15) to base 16.
-362c8
-752273 (base 8) to base 15
-4e5cc
What is -247d6 (base 14) in base 2?
-10101110100011000
Convert 2ded9 (base 15) to base 16.
243ff
-1103320212 (base 4) to base 3
-122110022120
Convert 8381877 (base 9) to base 5.
2121420420
What is 235526435 (base 7) in base 11?
8316aa5
-d45b (base 15) to base 12
-21b65
Convert -1000100011110101 (base 2) to base 5.
-2110221
c0a4c (base 13) to base 5
42010421
-145021 (base 15) to base 8
-3567535
Convert 5075623 (base 8) to base 2.
101000111101110010011
Convert 11313003211 (base 4) to base 2.
101110111000011100101
What is 12530488 (base 9) in base 3?
102121000112222
What is 1010121110212110 (base 3) in base 8?
76034423
Convert 90952 (base 13) to base 11.
167355
-2133312210 (base 4) to base 12
-276ab0
21545435 (base 6) to base 8
2371077
Convert 2304444 (base 7) to base 6.
10054103
-33033133 (base 5) to base 4
-1011032113
Convert -5a256 (base 12) to base 8.
-354742
What is 11110101111110010 (base 2) in base 11?
8668a
What is 11a409d (base 14) in base 8?
40220453
Convert -1101110110100100 (base 2) to base 13.
-1ca98
Convert 1164503 (base 9) to base 16.
9a95c
-212022201 (base 3) to base 15
-5087
78b6 (base 15) to base 6
314300
What is 1213b (base 12) in base 4?
11330333
2120022102220 (base 3) to base 2
101001101000100111000
-114020 (base 5) to base 16
-10a4
What is -1200313313 (base 4) in base 15?
-7c87b
Convert -4153535 (base 6) to base 7.
-1500065
What is 53103524 (base 6) in base 4?
11321333230
What is 137032 (base 10) in base 11?
93a55
130133012210 (base 4) to base 8
34370644
Convert -730a6c (base 13) to base 11.
-1575466
What is a2a4a (base 13) in base 12?
120a10
100301033313 (base 4) to base 15
5bc7d3
Convert -21749c (base 15) to base 10.
-1594047
-c8a6 (base 15) to base 11
-29997
Convert 235306 (base 7) to base 4.
22122331
What is 31063325 (base 7) in base 5?
1131311004
-100000101110101011 (base 2) to base 8
-405653
-10001111011111101010 (base 2) to base 5
-122302004
Convert 4122 (base 12) to base 6.
52442
Convert -2211010211 (base 3) to base 9.
-84124
Convert -20513341 (base 6) to base 2.
-10010010101011111101
Convert -4443b (base 13) to base 5.
-12430013
Convert -31210302 (base 4) to base 3.
-2211021100
What is 2ff92 (base 16) in base 14?
51878
Convert 1050132 (base 9) to base 11.
356011
Convert -351514 (base 7) to base 14.
-18d7b
Convert 2031212200 (base 4) to base 8.
2154640
What is -516b0 (base 16) in base 15?
-68c28
10111000111110110 (base 2) to base 7
543060
What is 111010100100000 (base 2) in base 4?
13110200
515 (base 8) to base 12
239
Convert -23031012 (base 5) to base 4.
-302011030
What is 7b19b (base 12) in base 10?
164423
Convert 12032144 (base 5) to base 8.
331675
What is 113253361 (base 7) in base 14?
cdc9a1
Convert 5337535 (base 8) to base 5.
331101440
37275c (base 15) to base 5
1134002122
Convert -4d4ac (base 14) to base 16.
-2e740
What is -20a1a (base 15) in base 10?
-103525
-200422443 (base 5) to base 16
-c22ed
Convert 34112102 (base 7) to base 8.
13227422
Convert -750444 (base 8) to base 11.
-160a38
What is 9284c0 (base 13) in base 12?
118963b
What is 1121012022021 (base 3) in base 14?
181bd3
Convert 882ac (base 13) to base 9.
415167
Convert 83137 (base 9) to base 15.
1137a
11156714 (base 8) to base 15
32ad1b
31667320 (base 9) to base 4
322102110030
-8124474 (base 10) to base 16
-7bf83a
-10110011011001000010110 (base 2) to base 5
-3001101134
-10aa5 (base 12) to base 5
-1203201
Convert 6b3dd6 (base 15) to base 9.
10573053
What is 102120221002112 (base 3) in base 6?
340003405
Convert 1054928 (base 11) to base 6.
103402225
What is -243786 (base 11) in base 7?
-3164125
Convert 214a75 (base 16) to base 9.
4084715
Convert 35b27 (base 15) to base 6.
3400514
-143473 (base 9) to base 15
-1b080
What is -123010001 (base 6) in base 8?
-11051721
-4b2102 (base 13) to base 10
-1803908
18315 (base 12) to base 13
12c20
Convert 876bb (base 14) to base 6.
11005541
-1756757 (base 9) to base 12
-3b475a
What is 82994 (base 11) in base 6?
2332034
13624112 (base 7) to base 5
312033224
-44692 (base 11) to base 4
-33303023
What is 2010020212111 (base 3) in base 11?
6aa760
Convert -10110011010100 (base 2) to base 11.
-8693
What is 524352 (base 6) in base 7?
234560
Convert 123334130 (base 5) to base 8.
2236544
What is 584731 (base 10) in base 12?
242477
1211102121012 (base 3) to base 13
280ac3
Convert 29ba34 (base 16) to base 2.
1010011011101000110100
What is 8bd538 (base 16) in base 9?
18216680
What is a4b04c (base 13) in base 10?
3851405
What is 2a95c (base 14) in base 3?
12101120022
Convert b430 (base 16) to base 11.
31725
What is 54034210 (base 6) in base 2?
110000100011101011110
Convert 45225 (base 12) to base 3.
11200001202
What is -ddf64 (base 16) in base 4?
-3131331210
Convert 133005 (base 9) to base 13.
2aaac
Convert -102003 (base 6) to base 4.
-2000103
Convert -1521342 (base 6) to base 7.
-515645
114021031 (base 5) to base 15
a7c46
What is -1327545 (base 8) in base 15?
-755db
Convert 332121 (base 5) to base 7.
45430
What is -2ab337 (base 15) in base 5?
-1012002402
What is -71105 (base 10) in base 13?
-26498
Convert -3104013 (base 5) to base 12.
-25290
Convert 219078 (base 13) to base 14.
1683b5
Convert 13402011 (base 6) to base 2.
1101110001101110111
-64225351 (base 7) to base 5
-2343432133
Convert 10e996 (base 16) to base 2.
100001110100110010110
What is -112c383 (base 14) in base 8?
-37144237
Convert -11032032001 (base 4) to base 9.
-2515767
Convert 465220 (base 10) to base 9.
778141
What is -5ca648 (base 13) in base 15?
-2dd696
-1114204 (base 5) to base 6
-232133
Convert 655276 (base 9) to base 15.
7aca0
Convert 101110100010110001101 (base 2) to base 12.
616725
What is -274164 (base 10) in base 3?
-111221002020
242053355 (base 6) to base 12
164a25b
Convert -13130021000 (base 4) to base 6.
-105445012
-101322 (base 9) to base 16
-ea89
What is -5077102 (base 8) in base 2?
-101000111111001000010
Convert -73af (base 16) to base 15.
-8b95
19394 (base 10) to base 12
b282
What is 260d3 (base 14) in base 6?
2000441
What is 2b257 (base 12) in base 6?
1145351
Convert -4862780 (base 11) to base 16.
-812eaf
What is -1945b6 (base 12) in base 11?
-283003
What is 1535660 (base 11) in base 6?
132155310
-104903 (base 10) to base 3
-12022220022
2ec18d (base 15) to base 11
130a284
Convert 611182 (base 12) to base 3.
2212000010222
Convert 29c481 (base 15) to base 6.
111112504
Convert -18ba6 (base 15) to base 12.
-3a540
-3812184 (base 12) to base 6
-1031105044
Convert -30a184 (base 12) to base 13.
-2099aa
Convert 20010110122 (base 3) to base 15.
25b1b
What is -31210313 (base 4) in base 11?
-38862
What is -336995 (base 13) in base 15?
-18ec42
Convert -7178201 (base 10) to base 6.
-413504225
What is -3002034 (base